269?
False
Is 16 a factor of 2443232?
True
Does 57 divide 6061323?
True
Is 1579973 a multiple of 10?
False
Is 1548175 a multiple of 33?
False
Is 747403 a multiple of 226?
False
Is 14 a factor of 852642?
True
Does 32 divide 48826?
False
Is 147 a factor of 878622?
False
Does 390 divide 4161898?
False
Does 241 divide 108450?
True
Is 58 a factor of 781666?
True
Is 165969 a multiple of 262?
False
Is 50261 a multiple of 33?
False
Is 524165 a multiple of 395?
True
Is 59722 a multiple of 26?
True
Is 66 a factor of 1120?
False
Does 114 divide 14598?
False
Is 878 a factor of 1249597?
False
Is 3 a factor of 567060?
True
Is 5 a factor of 1021818?
False
Is 14 a factor of 19183346?
True
Is 49501 a multiple of 12?
False
Does 536 divide 48205?
False
Is 1106041 a multiple of 15?
False
Is 146160 a multiple of 16?
True
Is 2856251 a multiple of 28?
False
Is 222131 a multiple of 228?
False
Is 605 a factor of 780112?
False
Is 888954 a multiple of 66?
True
Is 206319 a multiple of 9?
False
Is 244 a factor of 1113372?
True
Does 5 divide 1045354?
False
Does 99 divide 13478069?
False
Is 668 a factor of 15968158?
False
Does 150 divide 426750?
True
Is 131 a factor of 18133806?
True
Does 26 divide 3796858?
True
Is 1956412 a multiple of 148?
True
Is 123 a factor of 377364?
True
Is 19 a factor of 168321?
True
Is 190575 a multiple of 35?
True
Does 17 divide 1079245?
True
Is 109 a factor of 6138759?
False
Is 128 a factor of 73320?
False
Is 1277272 a multiple of 86?
True
Does 15 divide 3575580?
True
Is 780724 a multiple of 7?
True
Is 711450 a multiple of 153?
True
Does 12 divide 65099?
False
Does 238 divide 3730174?
True
Is 4 a factor of 3461?
False
Is 6 a factor of 28138?
False
Is 12 a factor of 16574364?
True
Is 1802229 a multiple of 39?
True
Is 353652 a multiple of 52?
True
Is 730233 a multiple of 17?
False
Is 471700 a multiple of 212?
True
Is 59 a factor of 50209?
True
Is 3186558 a multiple of 1120?
False
Is 30818 a multiple of 7?
False
Does 11 divide 1571119?
True
Is 1018248 a multiple of 44?
True
Does 16 divide 20557?
False
Is 22408 a multiple of 192?
False
Does 5 divide 225395?
True
Is 519036 a multiple of 84?
True
Is 195687 a multiple of 17?
True
Is 14 a factor of 6692?
True
Does 495 divide 11962811?
False
Is 60 a factor of 948089?
False
Is 7 a factor of 158236?
False
Does 15 divide 4149585?
True
Is 107484 a multiple of 52?
True
Does 859 divide 6389242?
True
Does 174 divide 2826151?
False
Does 14 divide 4680382?
True
Does 159 divide 370457?
False
Is 3353534 a multiple of 263?
False
Is 11341502 a multiple of 192?
False
Is 9922446 a multiple of 361?
True
Is 1324505 a multiple of 1576?
False
Is 24 a factor of 435579?
False
Does 794 divide 16203576?
False
Is 21 a factor of 416451?
True
Does 94 divide 8082778?
True
Is 89 a factor of 117285?
False
Is 155 a factor of 1083729?
False
Does 36 divide 91116?
True
Does 33 divide 218119?
False
Does 3 divide 1432446?
True
Is 5 a factor of 6674?
False
Is 31 a factor of 74307?
True
Is 3 a factor of 1472097?
True
Is 234549 a multiple of 27?
True
Is 12686900 a multiple of 1465?
True
Does 11 divide 916597?
True
Is 739 a factor of 634801?
True
Does 5 divide 1261871?
False
Does 16 divide 21541?
False
Is 29 a factor of 438376?
False
Is 548 a factor of 9503964?
True
Is 14687 a multiple of 88?
False
Is 15 a factor of 2583026?
False
Is 86 a factor of 214226?
True
Is 95 a factor of 7060829?
False
Does 61 divide 107726?
True
Does 124 divide 383551?
False
Does 167 divide 880739?
False
Is 181712 a multiple of 82?
True
Is 1475151 a multiple of 3?
True
Does 641 divide 2228116?
True
Is 129 a factor of 3381679?
False
Does 8 divide 846970?
False
Is 350118 a multiple of 53?
True
Is 71 a factor of 259080?
False
Does 194 divide 187315?
False
Is 6 a factor of 111033?
False
Is 418 a factor of 10483585?
False
Is 32859 even?
False
Is 214 a factor of 673657?
False
Is 2512328 a multiple of 1274?
True
Is 249 a factor of 265438?
False
Is 168444 a multiple of 35?
False
Does 8 divide 3836496?
True
Does 40 divide 197408?
False
Is 23 a factor of 6248456?
True
Does 591 divide 127673?
False
Does 15 divide 142785?
True
Is 10900824 a multiple of 628?
True
Is 2 a factor of 120255?
False
Does 22 divide 917174?
False
Is 10090403 a multiple of 998?
False
Is 45 a factor of 3901932?
False
Does 21 divide 93244?
False
Does 169 divide 311298?
True
Is 345 a factor of 20344650?
True
Does 9 divide 97119?
True
Does 11 divide 109271?
False
Is 1484604 a multiple of 582?
False
Does 265 divide 5567915?
True
Is 5203128 a multiple of 28?
True
Does 357 divide 8559432?
True
Is 5468501 a multiple of 269?
True
Is 404804 a multiple of 404?
False
Is 90580 a multiple of 140?
True
Is 763758 a multiple of 4?
False
Is 782 a factor of 1040842?
True
Is 102088 a multiple of 74?
False
Is 1850577 a multiple of 39?
False
Is 214 a factor of 738558?
False
Is 387629 a multiple of 118?
False
Is 9621456 a multiple of 204?
True
Is 214890 a multiple of 24?
False
Does 8 divide 119469?
False
Is 326234 a multiple of 130?
False
Does 15 divide 198765?
True
Is 67693 a multiple of 159?
False
Is 2 a factor of 54196?
True
Is 6328542 a multiple of 11?
True
Does 7 divide 21651?
True
Is 2047992 a multiple of 8?
True
Is 1186 a factor of 20618610?
True
Does 21 divide 42063?
True
Is 80219 a multiple of 97?
True
Is 591157 a multiple of 382?
False
Is 31 a factor of 530162?
True
Does 39 divide 4843293?
True
Does 92 divide 254186?
False
Is 325 a factor of 1894750?
True
Does 150 divide 3098700?
True
Does 202 divide 754710?
False
Does 8 divide 21384?
True
Is 1026130 a multiple of 5?
True
Does 49 divide 75185?
False
Does 12 divide 21432?
True
Is 13047895 a multiple of 32?
False
Is 431707 a multiple of 170?
False
Is 2 a factor of 60724?
True
Does 410 divide 1293550?
True
Is 816 a factor of 11522679?
False
Is 10640 a multiple of 8?
True
Is 5 a factor of 4775?
True
Is 239 a factor of 2369207?
True
Does 26 divide 9312930?
False
Does 68 divide 1305394?
False
Is 14 a factor of 1254988?
True
Does 176 divide 512357?
False
Is 413891 a multiple of 247?
False
Does 14 divide 2641243?
False
Is 12 a factor of 160621?
False
Is 11909125 a multiple of 20?
False
Does 16 divide 253847?
False
Does 298 divide 2086302?
False
Is 289 a factor of 147101?
True
Does 92 divide 27356?
False
Does 881 divide 9999336?
False
Is 2513210 a multiple of 45?
False
Is 6 a factor of 114300?
True
Is 42989 a multiple of 42?
False
Does 22 divide 13554838?
True
Does 2 divide 85707?
False
Is 68 a factor of 1504840?
True
Is 95 a factor of 2090?
True
Is 54 a factor of 2255688?
True
Does 134 divide 58985?
False
Does 168 divide 560784?
True
Is 79305 a multiple of 85?
True
Is 16 a factor of 11731678?
False
Does 440 divide 2812040?
True
Does 38 divide 33378?
False
Is 161350 a multiple of 7?
True
Is 3445513 a multiple of 90?
False
Does 74 divide 288304?
True
Is 71 a factor of 331357?
True
Is 256048 a multiple of 47?
False
Is 41 a factor of 186099?
True
Is 1122 a factor of 4115496?
True
Does 11 divide 213801?
False
Is 73 a factor of 13805249?
True
Is 125 a factor of 26716?
False
Does 76 divide 106324?
True
Does 125 divide 184625?
True
Is 193140 a multiple of 180?
True
Is 3 a factor of 136651?
False
Is 665 a factor of 827260?
True
Is 148779 a multiple of 21?
False
Is 2226 a multiple of 3?
True
Does 10 divide 232101?
False
Is 123591 a multiple of 90?
False
Is 13 a factor of 433336?
False
Does 881 divide 121042?
False
Is 86940 a multiple of 45?
True
Is 9704685 a multiple of 18?
False
Is 524600 a multiple of 244?
True
Is 18 a factor of 88737?
False
Does 5 divide 67034?
False
Is 262 a factor of 1415586?
True
Is 83 a factor of 3093078?
True
Does 8 divide 2827349?
False
Is 222 a factor of 629510?
False
Is 48 a factor of 141888?
True
Is 44655 a multiple of 33?
False
Is 80631 a multiple of 51?
True
Is 511 a factor of 1055031?
False
Does 27 divide 3040146?
True
Is 5693428 a multiple of 22?
False
Is 123 a factor of 242549?
False
Does 24 divide 480996?
False
Is 2502841 a multiple of 12?
False
Is 12 a factor of 6624?
True
Does 9 divide 2122623?
True
Is 56940 a multiple of 130?
True
Is 18 a factor of 3558382?
False
Is 14 a factor of 280034?
False
Is 2847880 a multiple of 13?
False
Is 193229 a multiple of 301?
False
Does 140 divide 203254?
False
Is 962156 a multiple of 52?
True
Is 2146606 a multip